Let d(y) = y**2 - 10*y + 52. Give d(7).
31
Let b(m) = 160*m + 954. What is b(-6)?
-6
Let u(p) = p**2 + 13*p + 34. What is u(-10)?
4
Let l(x) = 4*x**2 - 45*x - 29. What is l(12)?
7
Let q(s) = 3*s**3 - s**2 - 14*s - 24. Calculate q(-2).
-24
Let g(h) = -h**3 - h**2 - 60. Give g(0).
-60
Let t(u) = 39*u**3 + u**2 - 2*u - 2. What is t(-1)?
-38
Let z(c) = 5*c**2 - 3*c + 2. Calculate z(-2).
28
Let s(h) = -13*h - 116. What is s(-8)?
-12
Let u(g) = -40*g**3 + 3*g**2 + 3*g + 1. Give u(-1).
41
Let n(t) = -2*t**2 - t - 7. Calculate n(4).
-43
Let c(a) = a**3 - 3*a**2 - a - 2. What is c(4)?
10
Let d(s) = s**3 - 14*s**2 - 13*s - 60. Determine d(15).
-30
Let m(y) = -y**3 + 28*y**2 + 24*y + 136. Give m(29).
-9
Let m(l) = l**2 - 4*l + 7. What is m(-6)?
67
Let z(i) = -i**2 - i - 3. Determine z(-4).
-15
Let u(x) = x**3 + 6*x**2 - 5*x - 6. What is u(-5)?
44
Let c(a) = 2*a**2 - 9*a + 17. Calculate c(7).
52
Let l(w) = 2*w**2 - 7*w - 46. What is l(7)?
3
Let y(n) = 2*n**2 + 19*n + 13. Calculate y(-7).
-22
Let o(m) = 3*m**2 - 22*m. Determine o(8).
16
Let h(x) = -2*x**2 + 46*x - 226. What is h(7)?
-2
Let g(f) = f - 46. Determine g(6).
-40
Let w(h) = 4*h + 48. Give w(-8).
16
Let r(x) = -2*x**2 - 44*x - 13. Calculate r(-21).
29
Let l(d) = -2*d**2 + 4*d + 5. Determine l(3).
-1
Let c(n) = -n**3 - 13*n**2 - 14*n - 5. Calculate c(-12).
19
Let d(m) = -m + 5. Give d(-3).
8
Let c(d) = d**3 + 65*d**2 - 135*d - 67. Calculate c(-67).
0
Let d(s) = -3*s**2 - 15*s - 4. Give d(-11).
-202
Let v(n) = n**3 + 36*n**2 - n - 32. Determine v(-36).
4
Let o(p) = p**3 - 6*p**2 - 2*p - 4. Determine o(7).
31
Let x(y) = -y**2 + 21*y. What is x(21)?
0
Let i(n) = -4*n**3 - n**2 + 3*n - 3. Determine i(1).
-5
Let s(j) = j**3 + 8*j**2 + 7*j - 7. Determine s(-7).
-7
Let i(j) = j**2 + 8*j + 11. What is i(-5)?
-4
Let r(i) = -18*i - 564. Determine r(-31).
-6
Let j(o) = -8*o**3 - 4*o**2 - 3*o + 2. Calculate j(-1).
9
Let p(m) = -2*m - 25. Give p(-7).
-11
Let c(f) = 4*f**2 + 13*f + 4. Calculate c(-5).
39
Let b(k) = -k**2 - 4*k - 4. Give b(-4).
-4
Let n(k) = k**3 + 8*k**2 + 7*k - 7. Calculate n(-7).
-7
Let i(r) = -6*r**2 - 2*r + 22. Determine i(5).
-138
Let m(a) = a**3 + 13*a**2 + 14*a - 14. Give m(-12).
-38
Let u(m) = -2*m + 4. Determine u(-6).
16
Let i(q) = q - 43. Give i(23).
-20
Let s(y) = -7*y - 147. Determine s(-21).
0
Let c(j) = j**3 - 46*j**2 + 46*j - 39. Calculate c(45).
6
Let z(d) = -2*d + 57. Give z(26).
5
Let z(p) = 7*p - 22. What is z(4)?
6
Let q(i) = i**3 - i**2 - 7*i + 3. What is q(5)?
68
Let t(y) = y**2 - 2*y + 1. Give t(1).
0
Let m(k) = k**3 + 5*k**2 - 6*k. Determine m(-6).
0
Let a(q) = 2*q**3 - 34*q**2 - 19. Give a(17).
-19
Let w(y) = -y**2 - 24*y + 57. Determine w(-26).
5
Let o(i) = i**3 - i**2 - 7*i - 14. What is o(4)?
6
Let g(f) = -16*f + 89. Calculate g(7).
-23
Let g(q) = -17*q**3 + q. Calculate g(-1).
16
Let m(a) = -40*a**3 + a**2 - 2*a + 1. What is m(1)?
-40
Let n(k) = -k + 2. Calculate n(-7).
9
Let q(d) = -d - 34. Calculate q(6).
-40
Let l(z) = -35*z + 1956. Determine l(56).
-4
Let l(v) = v**2 - 10*v - 5. Give l(7).
-26
Let h(l) = -154*l + 617. Give h(4).
1
Let d(a) = 2*a**2 + 14*a + 1. Determine d(-10).
61
Let l(s) = s**2 - 12*s + 25. What is l(8)?
-7
Let a(w) = 4*w. Calculate a(2).
8
Let v(h) = h**2 + 7*h - 104. Determine v(7).
-6
Let d(q) = -q**3 - 8*q**2 - 2*q + 9. Determine d(-7).
-26
Let u(x) = -x**3 + 5*x**2 - x + 3. What is u(5)?
-2
Let u(g) = g**2 + 31*g + 146. Calculate u(-26).
16
Let b(d) = -d**3 + d + 4. Calculate b(0).
4
Let h(p) = p**2 - 8*p + 11. What is h(7)?
4
Let m(g) = 13*g - 213. Give m(16).
-5
Let v(j) = j**2 + 6*j - 17. Give v(-7).
-10
Let i(n) = n**3 + 5*n**2 - 18*n - 16. What is i(-7)?
12
Let r(t) = -t**3 - 17*t**2 - 5. Calculate r(-17).
-5
Let r(f) = 2*f**3 - 6*f**2 + 3*f + 2. Determine r(3).
11
Let v(b) = b**3 + 9*b**2 + 7*b + 4. Determine v(-8).
12
Let p(c) = 3*c. What is p(-1)?
-3
Let h(v) = -v**2 + 2*v + 1. Give h(4).
-7
Let d(n) = -19*n**3 + 115*n**2 - 7*n + 4. What is d(6)?
-2
Let b(z) = 2*z**2 - 2. What is b(3)?
16
Let k(f) = -f**3 + 18*f**2 + 179*f - 95. What is k(25)?
5
Let v(l) = l - 9. Determine v(-10).
-19
Let v(j) = j**3 - 9*j**2 - 8*j - 3. What is v(10)?
17
Let z(h) = h - 4. Calculate z(5).
1
Let z(r) = r**3 - 16*r**2 - 37*r + 21. Give z(18).
3
Let n(d) = d**2 + d - 25. What is n(0)?
-25
Let g(p) = p**2 + 7*p + 1. Calculate g(5).
61
Let z(t) = 33*t + 70. What is z(-2)?
4
Let u(y) = -y**2 + y + 10. Calculate u(3).
4
Let x(z) = -z**2 - 92*z - 430. Calculate x(-5).
5
Let b(n) = -10*n - 24. Determine b(-3).
6
Let j(x) = -6*x - 1. What is j(2)?
-13
Let j(o) = 111*o**2 - 13*o + 12. What is j(1)?
110
Let d(q) = 14*q + 141. Calculate d(-12).
-27
Let a(l) = l**3 - 21*l - 8. Determine a(0).
-8
Let y(z) = -z**2 - 11*z - 5. What is y(-6)?
25
Let a(g) = 19*g**3 - g**2 + 1. What is a(1)?
19
Let w(x) = 12*x**3 - 10*x + 11. Determine w(1).
13
Let p(l) = -l**3 - 4*l**2 + 2*l + 1. What is p(2)?
-19
Let n(p) = -p**3 + 9*p**2 + 9*p + 10. Determine n(10).
0
Let q(u) = u**2 + 32*u + 3. Calculate q(-32).
3
Let m(j) = j**2 + 2*j + 1. What is m(-3)?
4
Let j(r) = 2*r**2 - 8*r + 13. Determine j(4).
13
Let r(w) = 5*w**2 + 39*w + 2. What is r(-7)?
-26
Let m(a) = -a**3 - 2*a**2 + 14*a - 8. Calculate m(3).
-11
Let b(c) = -c**3 + c**2 + 5*c + 5. What is b(5)?
-70
Let a(f) = -f**2 - 23*f - 64. Give a(-12).
68
Let p(n) = -n**2 - 5*n + 3. Determine p(-7).
-11
Let d(m) = -m**2 + 4*m + 10. Give d(8).
-22
Let y(s) = -s**3 + 5*s**2 + 8*s - 2. What is y(6)?
10
Let a(s) = -9*s + 67. Determine a(6).
13
Let t(k) = -2*k**3 + k**2 + 3*k - 1. What is t(2)?
-7
Let m(o) = 9*o**3 + 2*o**2 + 2*o + 1. What is m(-1)?
-8
Let k(p) = p**3 - 6*p**2 - 21*p - 8. Determine k(9).
46
Let q(o) = -o**3 + 2*o**2 - 1. Determine q(1).
0
Let s(b) = b**3 - 16*b**2 + 4*b + 11. What is s(16)?
75
Let s(j) = -j**3 - 7*j**2 - 8*j + 5. What is s(-6)?
17
Let n(j) = j**3 - 11*j**2 + 3*j - 14. What is n(11)?
19
Let d(y) = 42*y**2 - 2*y + 1. Give d(1).
41
Let n(v) = -26*v + 7. Calculate n(4).
-97
Let s(x) = -x**2 + 2*x + 11. What is s(-3)?
-4
Let z(l) = l**2 - 19*l - 7. Calculate z(19).
-7
Let h(t) = t + 1. What is h(3)?
4
Let o(u) = -5*u - 9. Calculate o(5).
-34
Let s(p) = p**2 - 15*p + 21. What is s(13)?
-5
Let v(l) = -2*l + 1. What is v(2)?
-3
Let s(x) = x - 2. Give s(12).
10
Let b(z) = z**3 + 14*z**2 - 2*z - 5. What is b(-14)?
23
Let t(o) = o - 8. Calculate t(4).
-4
Let o(i) = 34*i**2 + 12*i + 11. Calculate o(-1).
33
Let k(s) = s**3 - 16*s**2 + 11. Determine k(16).
11
Let n(i) = 31*i - 63. Determine n(2).
-1
Let j(s) = -s**2 + 18*s - 5. Calculate j(15).
40
Let j(d) = -d + 25. Determine j(-3).
28
Let j(u) = 4*u. What is j(4)?
16
Let h(z) = -z**2 + 19*z - 10. Determine h(9).
80
Let s(x) = x**3 + 7*x**2 - 6*x + 6. Give s(-8).
-10
Let r(c) = -3*c - 20. What is r(28)?
-104
Let v(h) = h**2 - h - 1. Determine v(-3).
11
Let v(a) = -a - 16. Calculate v(-22).
6
Let u(h) = -7*h + 8. Determine u(4).
-20
Let u(k) = -2*k**3 + 2*k**2 - 1. What is u(-3)?
71
Let y(f) = 2*f**2 + 9*f + 12. What is y(-6)?
30
Let l(t) = -10*t**3 - t. Calculate l(1).
-11
Let n(v) = v + 22. What is n(-18)?
4
Let c(t) = -t**3 - 14*t**2 + 2*t + 19. Give c(-14).
-9
Let x(p) = 5*p + 43. What is x(-8)?
3
Let g(v) = -v**3 - 2*v**2 + v - 11. Calculate g(-5).
59
Let x(d) = -d**3 - 12*d**2 + 16*d + 17. Give x(-13).
-22
Let z(x) = -8*x**2 - 1. What is z(-1)?
-9
Let n(k) = 12*k - 47. Calculate n(5).
13
Let l(u) = -2*u - 34. Give l(-7).
-20
Let v(x) = x**2 + 10*x + 5. Calculate v(-10).
5
Let p(v) = v**3 + 5*v**2 + 5*v - 7. Determine p(-4).
-11
Let r(n) = 2*n**2 + 40*n - 38. What is r(-21)?
4
Let s(f) = 8*f + 1. Give s(1).
9
Let v(h) = h - 33. What is v(13)?
-20
Let m(s) = -s + 9. What is m(-4)?
13
Let z(q) = -13*q - 6. Calculate z(-4).
46
Let n(h) = -h**2 + 20*h + 57. What is n(-4)?
-39
Let u(h) = -31*h - 2. Determine u(-2).
60
Let i(y) = -3*y**2 + 15*y - 4. Determine i(6).
-22
Let s(w) = w**3 - 4*w**2 - 7*w + 7. Calculate s(5).
-3
Let r(z) = -z**3 + 3*z**2 + 3*z + 4. Give r(5).
-31
Let h(l) = -l**3 - 51*l**2 - 48*l + 109. Calculate h(-50).
9
Let y(r) = r**3 + 10*r**2 + 10*r - 1. Determine y(-9).
-10
Let n(p) = -43*p + 4. Determine n(-2).
90
Let p(b) = -b**3 + 4*b**2 + 2*b - 7. Calculate p(-4).
113
Let g(x) = -4*x**2 - 1. Calculate g(-1).
-5
Let i(z) = -2*z + 7. Calcu